22)?
5
Let u(s) = -s**2 + 15*s + 18. Let l be u(16). What is the units digit of (43 - 0) + -1 + l?
4
Let w(z) = -z + 50. Let d(c) = -9*c - 23. Let f be d(-4). What is the units digit of w(f)?
7
Let p = 1816 + -1249. Suppose 20*k - p = 17*k. Suppose -q - 2*q = -k. What is the units digit of q?
3
Suppose 2*b = -5*u + 15, 19 = 3*u - 5*b - 21. Suppose l = -2*i - 2, -u*l + 10 = i - 10*l. Suppose -2*c + 18 = -i*c. What is the units digit of c?
9
Suppose -v - 29 = 3*z, 2*z + 2*z = 5*v - 7. Let u(i) = i**2 - 1. Let b(s) = s**3 + 4*s**2 + 2*s + 13. Let h(c) = -b(c) - 3*u(c). What is the tens digit of h(z)?
7
What is the tens digit of (-20)/150 + 33171/45?
3
Let r = -584 + 1092. What is the units digit of r?
8
Let d = 2759 - 971. What is the tens digit of d?
8
Suppose 3*o - 2*w + 6688 = 7*o, -2*w = 5*o - 8361. What is the hundreds digit of o?
6
Let k(b) = 6*b + 4. Let h be 1*6*(-1)/(-2). Suppose h*s = -2*s + 20. What is the tens digit of k(s)?
2
What is the tens digit of 2 + (-28)/10 - (-78092)/140?
5
Suppose 4*u = 3*s - u - 26, 8 = -4*s - 4*u. Suppose -10 + 48 = s*k. What is the tens digit of k?
1
Let g(j) be the third derivative of 7*j**5/30 + j**4/12 - j**3/3 + 3*j**2. What is the units digit of g(-2)?
0
Suppose -r + 8 = 2*o, 3*r - 2*r - 2 = 0. What is the tens digit of ((-30)/(-25))/(o/140)?
5
Let j = -92 - -253. What is the hundreds digit of j?
1
Let o(r) = 4*r + 16. Let k(w) = 3*w - 19 - 6*w + 4. Let a(i) = -3*k(i) - 2*o(i). What is the units digit of a(-12)?
1
Let j be (-8)/(-6)*12/(-4). What is the units digit of (j/(-6))/((-2)/3)*-49?
9
Let f(a) = a + 9. Let q be f(9). Let h = 22 - q. Suppose 2*k = -4*d + 46, -22 - 37 = -5*d - h*k. What is the units digit of d?
1
Let s be 868/6 + (-10)/15. Suppose 0 = -2*r + s - 52. What is the tens digit of r?
4
Let w(t) = -t**3 + 7*t**2 - 7*t + 6. Let q be w(6). Let c = -4 + q. What is the units digit of c/((-1)/(-8)*-1)?
2
Let l(m) = 14*m - 5. Let s be l(8). Let v = -26 + s. Suppose 0 = 4*j + k - v, j - 3*k - 2*k = 15. What is the units digit of j?
0
Let t(y) = y + 13. Let o be t(5). What is the units digit of (-131)/(-3) + 24/o?
5
Suppose -4*n + 1 = s - 7, 5*n - 19 = s. Suppose 175 = 4*u + j - 533, 0 = 2*u + n*j - 344. What is the tens digit of u?
7
Let i = 41 + -41. Suppose 5*f - t - 262 = i, 4*f - 214 = -t + 4*t. What is the tens digit of f?
5
Let m(c) = 3*c + 32. Let q be m(-12). Let z(n) = -4*n - 12. What is the units digit of z(q)?
4
Suppose 17*b - 6143 = 5298. What is the tens digit of b?
7
Let v(d) = -4*d**3 + 3*d**2. Suppose 0 = 4*s - 4 - 4. Let i be v(s). Let c = i + 40. What is the units digit of c?
0
Let z be 1 - (4 + -3) - -8. Suppose 3*q + z + 79 = 3*v, 5*q = 0. What is the tens digit of v?
2
Let v = 133 + 245. Suppose 0 = n + n - v. What is the tens digit of n?
8
Suppose -6*k + 1340 = 104. What is the tens digit of k?
0
Let n(o) = -o**3 - 3*o**2 - 8*o - 2. Let d be n(-2). What is the tens digit of 4/d + 256*(-5)/(-50)?
2
Let d(i) = -i**3 + 9*i**2 - 7*i - 8. Let x be d(8). Suppose x*s + 6 = 3*s. Suppose o = -0*k + s*k + 5, -o = k + 1. What is the units digit of o?
1
Let y(l) = -l**2 + 3*l + 10. Let c be y(5). Suppose x + 12 = 4*t - c*x, 2*x - 2 = -5*t. Suppose 0*o = t*o - 6. What is the units digit of o?
3
Let r = -49 - -105. Suppose 2*a - 166 - r = 0. What is the hundreds digit of a?
1
Let p = 113 + -110. Suppose 3*t + t = 4*j + 952, t = p*j + 242. What is the units digit of t?
6
Suppose 4*f = -3*o - 17, 5 + 6 = 2*f - 5*o. What is the tens digit of 2 - (-83)/1 - f?
8
Let j = -248 + 362. Let s be 154/8*(0 + -4). Let b = j + s. What is the tens digit of b?
3
Suppose -q - 2 = 0, 3*g + 257 = q + q. Suppose 538 = 16*b + 2634. Let d = g - b. What is the units digit of d?
4
Let s = 4 - 7. Let d(z) = z**2 + 2*z + 1. Let n be d(s). What is the tens digit of 17 - n - (-1 - 0)?
1
What is the tens digit of (-2)/4 - (3 + 1910/(-20))?
9
Let v(i) = -3*i**2 + 14*i - 9. Let n(f) = 7*f**2 - 29*f + 19. Let t(c) = 6*n(c) + 13*v(c). What is the hundreds digit of t(-8)?
1
Suppose 48 = 20*t - 12*t. Suppose 3*q - t*q - 5*g = -434, -q + 154 = -3*g. What is the units digit of q?
8
Let w(p) = -p**3 + 2*p**2 - p - 8. Let a be w(0). What is the tens digit of -10 - a - -27*1?
2
Let y be 4/(-22) + 976/44. Suppose s + 10 = 3*s. Suppose -y + 97 = s*p. What is the units digit of p?
5
Let g be (-7)/((-112)/12)*4. Let s = -9 - -28. Suppose s = g*q + 7. What is the units digit of q?
4
Suppose 5*u + 209 = r, -7*r + 804 = -3*r - 4*u. What is the units digit of r?
9
Suppose 222 = -j + 4*j. What is the units digit of j?
4
Let i(b) = -b**3 - b. Let x(u) = 7*u**3 - 12*u**2 - 11*u - 13. Let w(q) = -6*i(q) - x(q). What is the units digit of w(13)?
5
Suppose -4*o = -1270 + 374. Suppose -o = -4*c + 3*b - 41, -3*b - 231 = -5*c. Suppose 3*h + 4 - 87 = -4*f, 0 = 3*h - 3*f - c. What is the tens digit of h?
2
What is the tens digit of 5962/33*6/4?
7
Let k(a) = -20*a**3 - 5*a**2 - 3. What is the thousands digit of k(-5)?
2
Suppose -f + 5*u = -19, -2 = -3*f + 3*u + 7. Let g = 4 - f. Suppose g*i - 2*i = 39. What is the tens digit of i?
1
Suppose -2*y = 2*c - 24, 0 = 3*y - 0*c - 5*c - 4. Suppose 2*j - d = -5*d + 166, -4*d = -y. What is the units digit of j?
9
Suppose -4*x + 4*v + 1324 = 0, -4*x + 9*x - 1659 = 4*v. What is the units digit of x?
5
What is the tens digit of (336/70)/(3/15)?
2
Let m = 71 + 391. What is the tens digit of m?
6
Let u be (-10 - -8)*(-24 + 0). Let o = u + -30. Let p = o + 0. What is the units digit of p?
8
Let p(k) = k - 21. What is the units digit of p(32)?
1
Let n = 199 - 67. What is the units digit of n?
2
Let n = 70 - -333. What is the hundreds digit of n?
4
What is the hundreds digit of 2/(-10) - 16080/(-25)?
6
Let a = 310 - 238. What is the tens digit of a?
7
Let c(b) = -b**2 - 10*b - 10. Let d be c(-8). Suppose d*h + 84 = 2*h. What is the units digit of (-12)/h - 132/(-14)?
0
What is the tens digit of (-3021)/(-3)*3 - 10?
1
Suppose -17*r + 9*r + 1824 = 0. What is the tens digit of r?
2
Let g be ((-7)/((-28)/40))/2. Let f(b) = b**2 - b - 6. Let y be f(g). Suppose y = v - 19. What is the tens digit of v?
3
Let t(y) be the third derivative of 49*y**5/60 - y**4/6 - 5*y**3/6 + 31*y**2. What is the tens digit of t(-1)?
4
Let l(x) = x - 1. Let m(g) = -g**2 + 5*g + 9. Let z(s) = -3*l(s) + m(s). Let k be z(0). Suppose 4*i - 2*i - k = 0. What is the units digit of i?
6
Let k = 67 + -58. Let m(t) = -t**3 + 11*t**2 - 7*t + 18. What is the hundreds digit of m(k)?
1
Suppose -3*p + 9 = 12. What is the units digit of 30/(-20)*(0 + 36/p)?
4
Let m = -22 - -26. Suppose -m*d + 5*s = -297, 4*s = d - s - 63. What is the units digit of d?
8
Suppose -3*u - 402 = -o, -7*u = -2*o - 4*u + 792. Suppose 355 = 5*g - o. What is the units digit of g?
9
Let w(r) = -r + r**2 + r - r**3 + 21 - r. Let q be w(0). Suppose 4*s = q + 231. What is the tens digit of s?
6
Let s(q) = -17*q**3 - 3*q**2 + 6*q + 8. What is the units digit of s(-3)?
2
Let w = 1597 + -264. What is the tens digit of w?
3
Suppose -4*x = -0 + 12. What is the hundreds digit of 2*(11*-5 + x)/(-1)?
1
Suppose -2*g = 2*f - 42, 9*f = 3*g + 4*f - 47. Let k = g - -15. What is the units digit of k?
4
Suppose -42*o - 376 = -44*o. What is the hundreds digit of o?
1
Let f be 310/6 + (-1)/(-3). Suppose 6*l + f = 8*l. Suppose 2*r = -0*r + l. What is the tens digit of r?
1
Let p be -3 + (-1 - (-6)/2). Let y be 0/((-2)/(p - 0)). Suppose y = 2*q + 1 - 5. What is the units digit of q?
2
Suppose 4*x + 0 - 14 = 2*a, 5*x - 16 = 2*a. What is the units digit of (6*-19)/(a*(-4)/(-6))?
7
Suppose 9*s - 184 = s. Let h(i) = i**3 - 5*i**2 - 3*i - 5. Let l be h(6). Let f = s - l. What is the units digit of f?
0
Let f(b) = b**3 + 4*b**2 - 2*b - 5. Let v be f(3). Suppose -3*u - 4*a = -u - 3242, -6 = 3*a. What is the tens digit of 2/(-8) + u/v?
3
Let t(p) = 12*p**3 - 25*p**2 + 98*p - 3. What is the tens digit of t(6)?
7
Let x(g) = -10*g**3 + g**2 - 2. Let t be x(-2). Let b = t - 37. What is the units digit of b?
5
Let j = -808 - -3029. What is the tens digit of j?
2
Let i(j) = 2*j**3 + 9*j**2 + 2*j - 5. Let o be i(-7). Let c = o + 154. Let s = -76 - c. What is the tens digit of s?
3
Suppose -w = -g - 0*g + 263, 0 = -2*w + 4. What is the tens digit of g?
6
What is the hundreds digit of ((29/(-3))/(-1))/((-1)/(-54